(8).
-74
Let h(i) = -14*i + 1. What is h(-3)?
43
Let h(y) = -41*y**3 + y**2 + y. Calculate h(-1).
41
Let x(v) = -164*v**3 - 2*v**2 + v + 1. Calculate x(1).
-164
Let q(c) = c**3 - 10*c**2 - 6*c - 9. Give q(9).
-144
Let u(t) = 5*t**2 - 6*t - 2. What is u(-2)?
30
Let l(c) = -14*c + 28. What is l(4)?
-28
Let c(a) = a + 6. Determine c(-9).
-3
Let r(o) = 3*o - 19. Determine r(-9).
-46
Let t(b) = b**2 - 4*b - 2. Determine t(-1).
3
Let c(u) = -u**2 + 3*u + 10. What is c(6)?
-8
Let w(p) = p**2 - 13*p + 12. Give w(13).
12
Let y(m) = m**2 + 6*m + 16. Determine y(-5).
11
Let d(c) = -4*c + 2. What is d(-6)?
26
Let a(y) = -y + 28. Calculate a(12).
16
Let x(k) = -k**3 + 15*k**2 + 14*k + 12. What is x(16)?
-20
Let f(a) = -a + 3. Calculate f(4).
-1
Let h(q) = -q**2 - q + 1. Calculate h(-3).
-5
Let h(c) = -26*c + 179. Give h(7).
-3
Let a(i) = -i + 7. Give a(11).
-4
Let w(g) = g**3 - 11*g - 6. Determine w(5).
64
Let j(a) = -a + 9. What is j(13)?
-4
Let t(q) = 3*q - 29. Give t(12).
7
Let x(r) = -2*r**2 + 5*r + 4. Determine x(4).
-8
Let j(t) = -t**2 - 9*t + 8. What is j(-9)?
8
Let d(w) = -w**3 + 24*w**2 - 25*w + 24. Determine d(23).
-22
Let z(r) = 2*r**2 + 2*r + 1. Give z(-2).
5
Let b(y) = 8*y + 10. Give b(-2).
-6
Let g(j) = j**3 - 13*j**2 + 29*j + 7. Determine g(10).
-3
Let p(g) = -g**3 + 8*g**2 - 11*g - 11. Calculate p(5).
9
Let a(g) = g**2 - 4*g - 1. Calculate a(6).
11
Let u(x) = x**2 - x - 21. Determine u(0).
-21
Let d(w) = 6*w**2 - 3*w + 4. What is d(1)?
7
Let j(u) = u**3 - 13*u**2 + 11*u - 2. Determine j(12).
-14
Let y(n) = -n**3 - 13*n**2 + 30*n + 5. Determine y(-15).
5
Let c(t) = -9*t**2 + 2*t. Calculate c(2).
-32
Let o(p) = -2*p**2 + 6*p - 4. What is o(5)?
-24
Let h(i) = -i**3 - 30*i**2 - 30*i - 23. Determine h(-29).
6
Let x(q) = 2*q**2 - 3*q + 4. Give x(1).
3
Let m(w) = 4*w + 39. Calculate m(-11).
-5
Let o(l) = 79*l + 5. Give o(-2).
-153
Let t(w) = 13*w + 10. What is t(3)?
49
Let p(o) = o - 6. Determine p(13).
7
Let b(n) = n**3 + 10*n**2 + 6*n + 4. What is b(-10)?
-56
Let s(k) = -2*k**3 - 3*k**2 + 9*k + 12. Calculate s(-3).
12
Let w(y) = -17*y**3. What is w(-1)?
17
Let h(o) = o + 20. What is h(-9)?
11
Let v(z) = -z**3 + z**2 - z + 19. Determine v(0).
19
Let l(v) = v**2 - 7*v - 10. Calculate l(8).
-2
Let r(c) = 11*c - 510. Give r(44).
-26
Let b(d) = -3*d + 1. What is b(-5)?
16
Let n(d) = d**3 - 11*d**2 + 13*d - 10. Calculate n(9).
-55
Let a(v) = -v**3 - 8*v**2 + 6*v - 9. Give a(-9).
18
Let o(h) = 2*h + 13. What is o(-10)?
-7
Let x(w) = w**2 - 2*w. What is x(6)?
24
Let i(g) = 8*g**2 - g + 1. Give i(1).
8
Let d(u) = u + 12. What is d(-17)?
-5
Let p(y) = 3*y - 13. What is p(-10)?
-43
Let v(n) = -n**2 + 2*n + 15. Give v(-5).
-20
Let g(d) = -23*d - 44. Calculate g(-2).
2
Let t(o) = -2*o**3 + 31*o**2 - 15*o + 19. Determine t(15).
19
Let j(s) = -2*s - 14. What is j(-10)?
6
Let w(z) = -29*z + 2. What is w(-3)?
89
Let v(h) = h**3 + 5*h**2 - 17*h - 12. Determine v(-7).
9
Let o(p) = -p**2 + 6*p - 4. Give o(8).
-20
Let j(l) = l**3 - l - 18. What is j(0)?
-18
Let z(f) = -2*f**2 - f - 3. What is z(0)?
-3
Let p(u) = -u + 6. What is p(13)?
-7
Let l(w) = -10*w - 2. Determine l(2).
-22
Let u(p) = -12*p**2 - 83*p + 10. Determine u(-7).
3
Let j(t) = t**3 + 5*t**2 - 6*t - 6. Give j(-6).
-6
Let f(m) = -2*m**2 - 26*m - 9. Give f(-9).
63
Let l(q) = 4*q - 33. What is l(18)?
39
Let n(d) = -d**2 - 5*d - 1. What is n(-5)?
-1
Let h(n) = -n - 9. Determine h(-4).
-5
Let m(r) = r**3 - 18*r**2 - r + 13. Determine m(18).
-5
Let g(v) = -10*v + 25. Give g(3).
-5
Let y(z) = -z - 7. What is y(3)?
-10
Let z(r) = r + 11. Give z(-9).
2
Let n(y) = -4*y - 9. What is n(-5)?
11
Let b(s) = -6*s - 19. Determine b(-7).
23
Let b(n) = n - 13. Determine b(-4).
-17
Let g(w) = -2*w**2 + 11*w + 15. What is g(7)?
-6
Let w(m) = -9*m**2 - 6*m - 12. Determine w(-2).
-36
Let q(z) = 2*z**2 - 52*z - 7. Give q(27).
47
Let h(c) = 3*c - 2. Give h(-4).
-14
Let l(r) = -r**3 - 2*r**2 + 3*r - 1. Determine l(0).
-1
Let o(b) = 2*b**2 + 12*b - 22. What is o(-7)?
-8
Let o(a) = -58*a + 238. Calculate o(4).
6
Let j(m) = m + 25. Determine j(13).
38
Let g(m) = -31*m + 161. Calculate g(5).
6
Let j(c) = -c**3 - 21*c**2 + 21*c + 12. Calculate j(-22).
34
Let g(x) = x**2 + 3*x + 14. Calculate g(-5).
24
Let r(m) = -m**2 - 13*m - 4. Give r(-14).
-18
Let s(o) = o**3 - 12*o**2 - 6*o + 68. Give s(12).
-4
Let u(l) = -l**2 - 2*l + 1. Determine u(-3).
-2
Let v(b) = -b**3 - 22*b**2 - 19*b + 46. Calculate v(-21).
4
Let l(f) = -2*f**2 - 3*f - 3. Give l(-2).
-5
Let r(y) = 3*y + 96. Calculate r(-23).
27
Let x(l) = -l**2 - 12*l - 15. Calculate x(-11).
-4
Let j(v) = -4*v**2 + 23*v + 45. Calculate j(-2).
-17
Let b(m) = 2*m**3 + 2*m**2 + m. Calculate b(-1).
-1
Let m(q) = q**3 + 2*q**2 - 9*q - 17. What is m(-4)?
-13
Let k(u) = 11*u - 3. Calculate k(-7).
-80
Let v(g) = g**2 - 6*g - 18. Calculate v(11).
37
Let a(y) = y**2 - 74. What is a(9)?
7
Let a(x) = -x**2 - 7*x + 4. What is a(-7)?
4
Let r(u) = u**3 + 10*u**2 + u + 12. What is r(-10)?
2
Let u(c) = -12*c - 100. What is u(-8)?
-4
Let x(m) = m**2 - 25*m - 89. Determine x(28).
-5
Let t(r) = -2*r - 6. What is t(-12)?
18
Let f(m) = 3*m**3 + m**2 - 3. Calculate f(3).
87
Let x(o) = -23*o**3 + 2*o**2 + o - 1. Give x(2).
-175
Let h(o) = o**3 - 14*o**2 + 12*o + 9. Calculate h(13).
-4
Let x(d) = 2*d**3 - 18*d**2 + d - 1. Give x(9).
8
Let j(n) = -5*n + 12. What is j(8)?
-28
Let b(a) = a**3 + 13*a**2 + 23*a + 11. Determine b(-11).
0
Let x(p) = -p - 30. Calculate x(10).
-40
Let a(c) = -c**3 + 7*c**2 + 3*c - 6. Give a(8).
-46
Let a(q) = -q**2 + 20*q - 53. What is a(17)?
-2
Let r(o) = -o**2 + 19*o + 10. Give r(14).
80
Let l(k) = k**2 - 12*k - 8. Determine l(11).
-19
Let l(r) = -5*r - 83. Give l(-18).
7
Let r(u) = -u**2 - 10*u + 29. What is r(-9)?
38
Let m(i) = -9*i**2 + 407*i - 89. What is m(45)?
1
Let y(u) = u**3 - 5*u**2 - 11*u - 6. Give y(6).
-36
Let p(c) = -7*c**2 - 3*c + 4. Calculate p(1).
-6
Let k(v) = v + 10. Determine k(-12).
-2
Let g(b) = -b**2 - 2*b + 22. Give g(-5).
7
Let c(o) = o**3 - 8*o**2 - 3*o + 9. Determine c(6).
-81
Let t(g) = 25*g + 177. What is t(-7)?
2
Let v(f) = -5*f**2 + 63*f - 34. Determine v(12).
2
Let t(u) = 2*u - 4. Give t(-3).
-10
Let s(u) = -57*u + 3. What is s(1)?
-54
Let z(g) = -g**3 - 8*g**2 + 3*g + 9. Give z(-8).
-15
Let l(g) = 6*g + 66. Calculate l(-10).
6
Let f(v) = v**2 - 11*v + 14. Give f(10).
4
Let q(s) = 14*s + 56. Give q(-5).
-14
Let f(p) = -p + 21. Calculate f(22).
-1
Let y(d) = d**2 - 12*d - 2. Calculate y(11).
-13
Let r(s) = s**3 - 5*s**2 - 3*s + 4. Calculate r(4).
-24
Let q(s) = 2*s + 13. Give q(-10).
-7
Let z(a) = a + 15. Give z(-11).
4
Let y(a) = -83*a**3 - a**2 + 1. Calculate y(-1).
83
Let m(r) = 14*r - 8. Calculate m(0).
-8
Let a(q) = -2*q**2 - q - 3. Calculate a(4).
-39
Let f(m) = -m**3 - 3*m**2 + 16*m + 22. Give f(-5).
-8
Let b(o) = -o - 4. What is b(-6)?
2
Let k(v) = v**3 - 13*v**2 + 11*v + 11. Determine k(12).
-1
Let q(j) = 2*j**3 - 14*j**2 + j + 6. Give q(7).
13
Let l(u) = 17*u + 20. Determine l(-3).
-31
Let k(m) = m + 8. Determine k(-11).
-3
Let f(k) = 2*k**2 - 13*k - 5. Determine f(8).
19
Let v(h) = -21*h - 109. Calculate v(-5).
-4
Let n(j) = -4*j - 25. What is n(-8)?
7
Let s(u) = -37*u + 2. Give s(1).
-35
Let b(s) = 2*s**2 - 28*s + 38. Calculate b(11).
-28
Let i(d) = d**2 + 6*d. What is i(-6)?
0
Let f(h) = -h**2 - 3*h + 101. Determine f(-12).
-7
Let a(c) = 143*c + 439. What is a(-3)?
10
Let j(g) = 2*g**3 - 11*g**2 - 3*g + 3. What is j(6)?
21
Let h(a) = -a**2 + 3*a + 4. Calculate h(-8).
-84
Let x(o) = o + 4. Determine x(19).
23
Let g(f) = -19*f + 8. Give g(0).
8
Let q(w) = -4*w + 7. Calculate q(-5).
27
Let b(o) = o**3 - 19*o**2 + 18*o - 4. Calculate b(18).
-4
Let n(s) = -s - 47. Determine n(0).
-47
Let r(u) = 3*u**2 - 2*u + 1. What is r(6)?
97
Let n(q) = q + 10. What is n(-6)?
4
Let n(j) = 4*j - 10. Give n(4).
6
Let u(k) = -14*k**2 - 5*k - 3. Determine u(-1).
-12
Let p(o) = o**3 - 3*o**2 - 11*o + 11. What is p(5)?
6
Let k(l) = 8*l + 11. Give k(-6).
-37
Let n(v) = -v**2 + 13*v + 17. Calculate n(19).
-97
Let i(h) = 4*h + 5. What is i(6)?
29
Let a(q) = 59*q**2. Determine a(-1).
59
Let t(j) = 7*j - 22. What is t(6)?
20
Let l(o) = -o**3 + o**2 - o + 7. What is l(0)?
7
Let q(d) = 2*d - 4. Determine q(2).
0
Let u(v) = -v**2 - 13*v - 11. What is u(-12)?
1
Let k(b) =